*m = -7. What is the remainder when ((-25)/(-10))/(f/(-8)) is divided by b?
4
Suppose 2*a + 2*c + 2*c - 70 = 0, -4*a + 137 = 5*c. Let h = a - 17. Let k = 22 - h. What is the remainder when k is divided by 2?
0
Let j(l) = l**3 - 9*l**2 - 15*l. What is the remainder when j(11) is divided by 20?
17
Suppose -5*m + 2*m = -144. What is the remainder when 7 is divided by (2/(-3))/((-8)/m)?
3
Suppose -y = -4*a + y - 50, -2*a + 4*y = 10. Let o = a + 52. Calculate the remainder when o is divided by 13.
11
Suppose -1 - 4 = -j. Suppose 4*z + 8 = -8. Let l(b) = -b - 1. Calculate the remainder when j is divided by l(z).
2
Let j(a) = -13*a + 4*a**2 + 9*a**2 + a**3 - 21 - 3*a. Calculate the remainder when (-24)/(-2) + (-1)/(-1) is divided by j(-14).
6
Suppose -w - 18 = w. Let v = -1 - w. What is the remainder when v is divided by 5?
3
Let a be 5/(-2)*(-8)/20. Let u = 6 - a. Calculate the remainder when u is divided by 3.
2
Let m = -180 + 193. Let y(g) = 48*g + 1. Calculate the remainder when y(1) is divided by m.
10
Let t be 2*2/4*2. Let z(p) = 9*p + p**2 - p - t*p**2 + 8. What is the remainder when z(6) is divided by 11?
9
Let g be (7/4)/(1/4). Let r(y) = 2*y**2 - 11*y + 7. What is the remainder when r(g) is divided by (11 - 1)/(1 - 0)?
8
Let g = 2 + 3. Suppose -d = -4*s + 3*s - 19, d = -g*s + 43. What is the remainder when d is divided by 13?
10
Suppose -b + 3 = 2*b. Suppose 171 = 5*n + 7*p - 3*p, -2*p - 54 = -2*n. Calculate the remainder when n is divided by (b - -10)*(-2 - -3).
9
Suppose 0 = -3*s - 3*i + i + 263, 3*s - 5*i - 256 = 0. Calculate the remainder when s is divided by 44.
43
Let t = 7 - 7. Suppose t*z - 3*z + 4*o = -42, -4*z + 56 = 2*o. What is the remainder when 40 is divided by z?
12
Suppose -5*s - 6*s + 462 = 0. Calculate the remainder when 165 is divided by s.
39
Suppose 235*c - 243*c + 80 = 0. Let x(q) = q**3 + 4*q**2 - 2*q + 4. Let n be x(-5). Let z = 17 + n. Calculate the remainder when c is divided by z.
4
Let k(m) = -m**3 + m**2 + m + 21. What is the remainder when k(0) is divided by 6?
3
What is the remainder when 2 + -1 - (-6)/1 is divided by 4/(2 - 0) + -2 + 4?
3
Let w = 6 - -10. Suppose 5*j = j + w. Calculate the remainder when 10 is divided by j.
2
Suppose 802 = 5*s - 93. What is the remainder when s is divided by 26?
23
Let j be 4/6 + (-520)/15. Calculate the remainder when 30 is divided by 7/(-14) - j/4.
6
Let u be 848/28 + 2/(-7). Suppose -2*z = 4*c - u, -z + 2*z - 15 = -4*c. Calculate the remainder when 27 is divided by z.
12
Let n = 10 + -20. Suppose 0 = -y - 6*c + c - 6, -12 = -2*y - 4*c. What is the remainder when y is divided by 12/n*(-40)/6?
6
Let a = 3 - 1. Suppose -a*r - 32 = -82. Calculate the remainder when 73 is divided by r.
23
Let u(z) = -z**3 - 8*z**2 - 3*z - 8. Let w be u(-8). Let n = -6 + w. Let x = -36 + 54. What is the remainder when x is divided by n?
8
Let w = -2 + 5. What is the remainder when 8 is divided by w?
2
Suppose -2*n = -3*n. Let z(l) = l**2 + 9. What is the remainder when z(n) is divided by 5?
4
Let d = 5 - -8. Suppose -4 + 10 = 2*z. Suppose 23 = 4*c - 2*o + o, 2*c = -z*o + 1. Calculate the remainder when d is divided by c.
3
Suppose 2*c = -i + 5, 2*i + 1 = -5. What is the remainder when 21 is divided by c?
1
Suppose -5*o - 10 = 0, 3*o = f - 0*f - 20. Calculate the remainder when f is divided by 9.
5
Suppose 4*y - 2*j - 164 = 0, -3*j + 94 = 4*y - 60. Let i be 1 + 0 - (-1 - -2). Suppose 2*t - 28 = -i*t. What is the remainder when y is divided by t?
12
Calculate the remainder when 129 is divided by (4/(-12))/(5/(-495)).
30
Suppose 2*i - 26 = 4*i. Let y = i + 20. Suppose 3*s - 4*s = -20. Calculate the remainder when s is divided by y.
6
Let n(y) = y**3 - 14*y**2 - 14*y + 10. What is the remainder when n(15) is divided by 7?
4
Let p(o) = -o - 13. Let u(s) = 2 - 2 - 1. Let r(y) = -p(y) + 6*u(y). What is the remainder when 34 is divided by r(5)?
10
Let m be 5/2*(3 + -9). Let l = -4 - m. Suppose -2*u = -10 - 54. Calculate the remainder when u is divided by l.
10
Let d = 3 - -4. What is the remainder when d is divided by 4/(-18) + (-87)/(-27)?
1
Suppose 3*h + 0*t = -t + 56, 5*t - 28 = -h. Calculate the remainder when 51 is divided by h.
15
Let z be (8/12)/(2/(-15)). What is the remainder when (-134)/(-6) + z/15 is divided by 8?
6
Let m(v) = v**2 - 6*v - 20. What is the remainder when 117 is divided by m(10)?
17
Suppose -b + 0*b = -3*q + 8, -3*q + 3*b = -12. What is the remainder when (-33)/(((-18)/4)/3) is divided by (q/3)/(4/48)?
6
Let u(x) = x**2 + 6*x + 6. Let c be u(-6). Suppose -c*b = -5*b - 10. Suppose -3*g = 4*s - g - 70, -2*s = -g - 41. What is the remainder when s is divided by b?
9
Suppose -5*h = -0*h - 200. Suppose 3*c + 5*a + 43 = -67, -5*c + 4*a - 245 = 0. Let k = 66 + c. What is the remainder when h is divided by k?
19
Let l(g) = -6*g - 2. Let s be (-12)/54 - 7/9. Let b = s + 5. What is the remainder when l(-2) is divided by b?
2
Let o(f) = -f**2 - f + 7. What is the remainder when o(-3) is divided by 1?
0
Suppose 5*r - 4*m = -9*m + 210, -5*m = 25. What is the remainder when r is divided by 13?
8
Let m be (2/1)/((-1)/(-14)). Suppose 4*t + 80 = 4*z, -3*t + 2*t + m = z. Calculate the remainder when z is divided by 9.
6
Suppose -6*s + 32 = -2*s. Suppose 0 = 46*y - 0*y - 92. Calculate the remainder when s is divided by y.
0
Let j(y) = 45*y + 1. Let r be j(1). Suppose 0 = -t + 6 - 4. Suppose t*p = 18 + r. What is the remainder when p is divided by 11?
10
Let j(w) = 18*w**2 - 3*w - 1. What is the remainder when j(-2) is divided by 20?
17
Suppose 4*i - 5*d = -3, 0 = -2*i + 2*d + 2*d. Let j = 14 - i. What is the remainder when 31 is divided by j?
15
Let f(i) = -i**2 - 10*i - 16. Let p = 1 + 24. Calculate the remainder when p is divided by f(-5).
7
Let f be (-4)/(-5)*15/2. Let b be (f/4)/((-24)/32). Calculate the remainder when (b - -5)/(-3)*-17 is divided by 6.
5
Suppose -5*j + 7 = -4*c, -2*c + 10 = 3*j - 3. What is the remainder when c/3 - (-374)/33 is divided by 5?
2
Suppose 164 - 16 = 4*g. Let v(a) = -19*a**3 - a**2 - a. Calculate the remainder when g is divided by v(-1).
18
Suppose 0 = -4*v + 23 + 21. Calculate the remainder when 42 is divided by v.
9
Suppose -7 + 76 = 3*l. Let k = -187 - -278. What is the remainder when k is divided by l?
22
Let d = -8 + 51. Let w(v) = -2*v + 8. Let q be w(-7). Let i = -7 + q. Calculate the remainder when d is divided by i.
13
Let y be (-1*4)/2 - -19. Suppose 0 = 2*n - 17 - y. What is the remainder when n is divided by (2 + 0)*3 + 0?
5
Let z = -110 - -126. What is the remainder when 63 is divided by z?
15
Let i be 110*4*(-4)/(-40). What is the remainder when (-1448)/(-22) - (-8)/i is divided by 17?
15
Suppose -o - 12 = 2*r - 4, 3*r + 30 = -3*o. Let q = -1 - o. Calculate the remainder when 32 is divided by q.
10
Suppose -4*q + 2*f = -48, 2*f - 60 = -4*q - 2*f. Calculate the remainder when 49 is divided by q.
10
Suppose -n = -4*g + 9, 3*g - 7*g - n = -15. Let c(a) = -a**2 + 6*a - 3. Calculate the remainder when c(4) is divided by g.
2
Let y(u) = 9*u - 2. Let t be y(-2). Suppose -4*a - 3*m = -202, 0 = -4*a + 2*a + 5*m + 114. Let g = t + a. What is the remainder when g is divided by 11?
10
Let f = 45 - 37. Calculate the remainder when 31 is divided by f.
7
Let x = -8 + 13. Suppose j = 5*y - 5, -4*y + j - x*j = -4. Calculate the remainder when y is divided by 1.
0
Let v = -85 + 436. Suppose 4*x = 3*r - 199, -5*r + v = -3*x + 6*x. Calculate the remainder when r is divided by 18.
15
Suppose 5*s - 649 + 194 = 0. Suppose r = -0*r + 1, 3*c + 4*r = s. Let h(q) = -q**3 + 5*q**2 - q - 2. Calculate the remainder when c is divided by h(4).
9
Suppose -4*b - 3*g = -69, -3*b = -0*g + g - 58. Let y = -63 - -74. What is the remainder when b is divided by y?
10
Suppose -3*a - 55 = -6*a - 2*m, 0 = -m + 2. Let v = -569 - -653. What is the remainder when v is divided by a?
16
Let i = 236 - 208. What is the remainder when i is divided by (-62)/(-4) + 2/(-4)?
13
Calculate the remainder when 2/3*(-63)/(-2) is divided by 6.
3
Let n = 8 + -8. Suppose -1 = -u - n. What is the remainder when 3 is divided by u?
0
Let b(c) = 3*c**3 + c**2 - 6*c + 4. What is the remainder when 78 is divided by b(2)?
18
What is the remainder when 19 is divided by 2 + ((-12)/(-4) - -2)?
5
Suppose 2*q = -u + 9